{"id":2807,"date":"2026-02-11T11:35:14","date_gmt":"2026-02-11T14:35:14","guid":{"rendered":"https:\/\/8it8.com.br\/?page_id=2807"},"modified":"2026-02-25T18:26:36","modified_gmt":"2026-02-25T21:26:36","slug":"nr-1","status":"publish","type":"page","link":"https:\/\/8it8.com.br\/?page_id=2807","title":{"rendered":"NR 1"},"content":{"rendered":"<div data-colibri-id=\"2807-c1\" class=\"style-1814 style-local-2807-c1 position-relative\">\n  <!---->\n  <div data-colibri-component=\"section\" data-colibri-id=\"2807-c2\" id=\"custom\" class=\"h-section h-section-global-spacing d-flex align-items-lg-center align-items-md-center align-items-center style-1815 style-local-2807-c2 position-relative\">\n    <!---->\n    <!---->\n    <div class=\"h-section-grid-container h-section-boxed-container\">\n      <!---->\n      <div data-colibri-id=\"2807-c3\" class=\"h-row-container gutters-row-lg-1 gutters-row-md-1 gutters-row-0 gutters-row-v-lg-1 gutters-row-v-md-1 gutters-row-v-1 style-1816 style-local-2807-c3 position-relative\">\n        <!---->\n        <div class=\"h-row justify-content-lg-center justify-content-md-center justify-content-center align-items-lg-stretch align-items-md-stretch align-items-stretch gutters-col-lg-1 gutters-col-md-1 gutters-col-0 gutters-col-v-lg-1 gutters-col-v-md-1 gutters-col-v-1\">\n          <!---->\n          <div class=\"h-column h-column-container d-flex h-col-lg-auto h-col-md-auto h-col-auto style-1817-outer style-local-2807-c4-outer\">\n            <div data-colibri-id=\"2807-c4\" class=\"d-flex h-flex-basis h-column__inner h-px-lg-0 h-px-md-0 h-px-0 v-inner-lg-0 v-inner-md-0 v-inner-0 style-1817 style-local-2807-c4 position-relative\">\n              <!---->\n              <!---->\n              <div class=\"w-100 h-y-container h-column__content h-column__v-align flex-basis-100 align-self-lg-start align-self-md-start align-self-start\">\n                <!---->\n                <div data-colibri-id=\"2807-c16\" class=\"d-block style-1837 style-local-2807-c16 position-relative h-element\">\n                  <!---->\n                  <div class=\"h-image__frame-container-outer\">\n                    <div class=\"h-image__frame-container\">\n                      <!---->\n                      <!---->\n                      <img loading=\"lazy\" decoding=\"async\" width=\"1748\" height=\"1240\" src=\"http:\/\/8it8.com.br\/wp-content\/uploads\/2023\/02\/Copia-de-Fotos-para-site-5.jpg\" class=\"wp-image-2183 style-1837-image style-local-2807-c16-image\" alt=\"\" srcset=\"https:\/\/8it8.com.br\/wp-content\/uploads\/2023\/02\/Copia-de-Fotos-para-site-5.jpg 1748w, https:\/\/8it8.com.br\/wp-content\/uploads\/2023\/02\/Copia-de-Fotos-para-site-5-300x213.jpg 300w, https:\/\/8it8.com.br\/wp-content\/uploads\/2023\/02\/Copia-de-Fotos-para-site-5-1024x726.jpg 1024w, https:\/\/8it8.com.br\/wp-content\/uploads\/2023\/02\/Copia-de-Fotos-para-site-5-768x545.jpg 768w, https:\/\/8it8.com.br\/wp-content\/uploads\/2023\/02\/Copia-de-Fotos-para-site-5-1536x1090.jpg 1536w\" sizes=\"auto, (max-width: 1748px) 100vw, 1748px\" \/>\n                      <div class=\"h-image__frame h-hide-lg h-hide-md h-hide-sm style-1837-frameImage style-local-2807-c16-frameImage\"><\/div>\n                    <\/div>\n                  <\/div>\n                <\/div>\n              <\/div>\n            <\/div>\n          <\/div>\n          <div class=\"h-column h-column-container d-flex h-col-lg-auto h-col-md-auto h-col-auto style-1836-outer style-local-2807-c15-outer\">\n            <div data-colibri-id=\"2807-c15\" class=\"d-flex h-flex-basis h-column__inner h-px-lg-1 h-px-md-1 h-px-1 v-inner-lg-1 v-inner-md-1 v-inner-1 style-1836 style-local-2807-c15 position-relative\">\n              <!---->\n              <!---->\n              <div class=\"w-100 h-y-container h-column__content h-column__v-align flex-basis-100 align-self-lg-center align-self-md-center align-self-center\">\n                <!---->\n                <div data-colibri-id=\"2807-c5\" class=\"h-global-transition-all h-heading style-1818 style-local-2807-c5 position-relative h-element\">\n                  <!---->\n                  <div class=\"h-heading__outer style-1818 style-local-2807-c5\">\n                    <!---->\n                    <!---->\n                    <h1 class=\"\">NR-1 na pr\u00e1tica: gest\u00e3o de relacionamentos como fator de preven\u00e7\u00e3o<\/h1>\n                  <\/div>\n                <\/div>\n              <\/div>\n            <\/div>\n          <\/div>\n          <div class=\"h-column h-column-container d-flex h-col-lg-auto h-col-md-auto h-col-auto style-1838-outer style-local-2807-c17-outer\">\n            <div data-colibri-id=\"2807-c17\" class=\"d-flex h-flex-basis h-column__inner h-px-lg-0 h-px-md-0 h-px-0 v-inner-lg-0 v-inner-md-0 v-inner-0 style-1838 style-local-2807-c17 position-relative\">\n              <!---->\n              <!---->\n              <div class=\"w-100 h-y-container h-column__content h-column__v-align flex-basis-100 align-self-lg-start align-self-md-start align-self-start\">\n                <!---->\n                <div data-colibri-id=\"2807-c18\" class=\"d-block style-1839 style-local-2807-c18 position-relative h-element\">\n                  <!---->\n                  <div class=\"h-image__frame-container-outer\">\n                    <div class=\"h-image__frame-container\">\n                      <!---->\n                      <!---->\n                      <img loading=\"lazy\" decoding=\"async\" width=\"1748\" height=\"1240\" src=\"http:\/\/8it8.com.br\/wp-content\/uploads\/2023\/02\/Copia-de-Fotos-para-site-4.jpg\" class=\"wp-image-2182 style-1839-image style-local-2807-c18-image\" alt=\"\" srcset=\"https:\/\/8it8.com.br\/wp-content\/uploads\/2023\/02\/Copia-de-Fotos-para-site-4.jpg 1748w, https:\/\/8it8.com.br\/wp-content\/uploads\/2023\/02\/Copia-de-Fotos-para-site-4-300x213.jpg 300w, https:\/\/8it8.com.br\/wp-content\/uploads\/2023\/02\/Copia-de-Fotos-para-site-4-1024x726.jpg 1024w, https:\/\/8it8.com.br\/wp-content\/uploads\/2023\/02\/Copia-de-Fotos-para-site-4-768x545.jpg 768w, https:\/\/8it8.com.br\/wp-content\/uploads\/2023\/02\/Copia-de-Fotos-para-site-4-1536x1090.jpg 1536w\" sizes=\"auto, (max-width: 1748px) 100vw, 1748px\" \/>\n                      <div class=\"h-image__frame h-hide-lg h-hide-md h-hide-sm style-1839-frameImage style-local-2807-c18-frameImage\"><\/div>\n                    <\/div>\n                  <\/div>\n                <\/div>\n              <\/div>\n            <\/div>\n          <\/div>\n        <\/div>\n      <\/div>\n    <\/div>\n  <\/div>\n  <div data-colibri-component=\"section\" data-colibri-id=\"2807-c6\" id=\"custom-2\" class=\"h-section h-section-global-spacing d-flex align-items-lg-center align-items-md-center align-items-center style-1826 style-local-2807-c6 position-relative\">\n    <!---->\n    <!---->\n    <div class=\"h-section-grid-container h-section-boxed-container\">\n      <!---->\n      <div data-colibri-id=\"2807-c7\" class=\"h-row-container gutters-row-lg-1 gutters-row-md-1 gutters-row-0 gutters-row-v-lg-1 gutters-row-v-md-1 gutters-row-v-1 style-1827 style-local-2807-c7 position-relative\">\n        <!---->\n        <div class=\"h-row justify-content-lg-center justify-content-md-center justify-content-center align-items-lg-stretch align-items-md-stretch align-items-stretch gutters-col-lg-1 gutters-col-md-1 gutters-col-0 gutters-col-v-lg-1 gutters-col-v-md-1 gutters-col-v-1\">\n          <!---->\n          <div class=\"h-column h-column-container d-flex h-col-lg-auto h-col-md-auto h-col-auto style-1828-outer style-local-2807-c8-outer\">\n            <div data-colibri-id=\"2807-c8\" class=\"d-flex h-flex-basis h-column__inner h-px-lg-1 h-px-md-1 h-px-1 v-inner-lg-1 v-inner-md-1 v-inner-1 style-1828 style-local-2807-c8 position-relative\">\n              <!---->\n              <!---->\n              <div class=\"w-100 h-y-container h-column__content h-column__v-align flex-basis-100 align-self-lg-start align-self-md-start align-self-start\">\n                <!---->\n                <div data-colibri-id=\"2807-c9\" class=\"h-text h-text-component style-1829 style-local-2807-c9 position-relative h-element\">\n                  <!---->\n                  <!---->\n                  <div class=\"\">\n                    <p>Apoiamos empresas na implementa\u00e7\u00e3o da NR-1 com foco em um dos fatores mais cr\u00edticos da preven\u00e7\u00e3o: <strong>as rela\u00e7\u00f5es humanas no trabalho<\/strong>.<\/p>\n                    <p>A atualiza\u00e7\u00e3o da NR-1 exige que as empresas identifiquem e tratem n\u00e3o apenas riscos f\u00edsicos, mas tamb\u00e9m <strong>riscos psicossociais<\/strong> ligados \u00e0 organiza\u00e7\u00e3o do trabalho e \u00e0s rela\u00e7\u00f5es interpessoais.<\/p>\n                    <p>Somos especializados exatamente nesse ponto.<\/p>\n                    <p>Acreditamos que a maior parte dos riscos psicossociais nasce de <strong>rela\u00e7\u00f5es mal geridas<\/strong>, comunica\u00e7\u00e3o ineficaz e estilos de lideran\u00e7a incompat\u00edveis com a realidade das equipes.<\/p>\n                    <p>Entregamos solu\u00e7\u00f5es concretas alinhadas ao PGR (Programa de Gerenciamento de Riscos). A partir do Invent\u00e1rio de Riscos Ocupacionais, auxiliamos as empresas a desenvolverem um Plano de A\u00e7\u00e3o, cujas medidas de preven\u00e7\u00e3o a serem introduzidas,\n                      aprimoradas ou mantidas, incluem:<\/p>\n                    <ul>\n                      <li><strong>workshop de desenvolvimento relacional e preven\u00e7\u00e3o de conflitos,<\/strong><\/li>\n                      <li><strong>workshops de comunica\u00e7\u00e3o e lideran\u00e7a,<\/strong><\/li>\n                      <li><strong>mentorias para l\u00edderes e equipes,<\/strong><\/li>\n                      <li><strong>programas de desenvolvimento relacional cont\u00ednuo.<\/strong><\/li>\n                    <\/ul>\n                    <p>Como <strong>direcionamos as a\u00e7\u00f5es para a realidade de cada empresa<\/strong>, o resultado \u00e9 uma implementa\u00e7\u00e3o da NR-1 mais humana, mais estrat\u00e9gica e mais eficaz, com impacto direto em clima, engajamento e desempenho.<\/p>\n                    <p>Nosso objetivo \u00e9 transformar a NR-1 em uma oportunidade real de evolu\u00e7\u00e3o cultural, redu\u00e7\u00e3o de riscos psicossociais e fortalecimento da sa\u00fade organizacional.<\/p>\n                  <\/div>\n                <\/div>\n              <\/div>\n            <\/div>\n          <\/div>\n        <\/div>\n      <\/div>\n      <div data-colibri-id=\"2807-c10\" class=\"h-row-container gutters-row-lg-1 gutters-row-md-1 gutters-row-0 gutters-row-v-lg-1 gutters-row-v-md-1 gutters-row-v-1 style-1830 style-local-2807-c10 position-relative\">\n        <!---->\n        <div class=\"h-row justify-content-lg-center justify-content-md-center justify-content-center align-items-lg-stretch align-items-md-stretch align-items-stretch gutters-col-lg-1 gutters-col-md-1 gutters-col-0 gutters-col-v-lg-1 gutters-col-v-md-1 gutters-col-v-1\">\n          <!---->\n          <div class=\"h-column h-column-container d-flex h-col-lg-auto h-col-md-auto h-col-auto style-1831-outer style-local-2807-c11-outer\">\n            <div data-colibri-id=\"2807-c11\" class=\"d-flex h-flex-basis h-column__inner h-px-lg-1 h-px-md-1 h-px-1 v-inner-lg-1 v-inner-md-1 v-inner-1 style-1831 style-local-2807-c11 position-relative\">\n              <!---->\n              <!---->\n              <div class=\"w-100 h-y-container h-column__content h-column__v-align flex-basis-100 align-self-lg-start align-self-md-start align-self-start\">\n                <!---->\n                <div data-colibri-id=\"2807-c12\" class=\"h-text h-text-component style-1833 style-local-2807-c12 position-relative h-element\">\n                  <!---->\n                  <!---->\n                  <div class=\"\">\n                    <p>Quer implementar a NR-1 de forma estrat\u00e9gica, humana e eficaz?<\/p>\n                  <\/div>\n                <\/div>\n                <div data-colibri-id=\"2807-c13\" class=\"h-x-container style-1834 style-local-2807-c13 position-relative h-element\">\n                  <!---->\n                  <div class=\"h-x-container-inner style-dynamic-2807-c13-group style-1834-spacing style-local-2807-c13-spacing\"><span class=\"h-button__outer style-1835-outer style-local-2807-c14-outer d-inline-flex h-element\"><a h-use-smooth-scroll=\"true\" href=\"https:\/\/wa.me\/5511991787931?text=Ol%C3%A1!%20Quero%20informa%C3%A7%C3%B5es%20sobre%20NR1\"  data-colibri-id=\"2807-c14\" class=\"d-flex w-100 align-items-center h-button justify-content-lg-center justify-content-md-center justify-content-center style-1835 style-local-2807-c14 position-relative\" target=\"_blank\"><!----><!----> <span>Fale conosco e descubra como reduzir riscos psicossociais atrav\u00e9s dos 4 Pilares da Gest\u00e3o.<\/span><\/a>\n                    <\/span>\n                  <\/div>\n                <\/div>\n              <\/div>\n            <\/div>\n          <\/div>\n        <\/div>\n      <\/div>\n    <\/div>\n  <\/div>\n<\/div>","protected":false},"excerpt":{"rendered":"<p>NR-1 na pr\u00e1tica: gest\u00e3o de relacionamentos como fator de preven\u00e7\u00e3o Apoiamos empresas na implementa\u00e7\u00e3o da NR-1 com foco em um dos fatores mais cr\u00edticos da preven\u00e7\u00e3o: as rela\u00e7\u00f5es humanas no trabalho. A atualiza\u00e7\u00e3o da NR-1 exige que as empresas identifiquem e tratem n\u00e3o apenas riscos f\u00edsicos, mas tamb\u00e9m riscos psicossociais ligados \u00e0 organiza\u00e7\u00e3o do trabalho [&hellip;]<\/p>\n","protected":false},"author":1,"featured_media":0,"parent":0,"menu_order":0,"comment_status":"closed","ping_status":"closed","template":"page-templates\/full-width-page.php","meta":{"footnotes":""},"class_list":["post-2807","page","type-page","status-publish","hentry"],"yoast_head":"<!-- This site is optimized with the Yoast SEO plugin v27.4 - https:\/\/yoast.com\/product\/yoast-seo-wordpress\/ -->\n<title>NR 1 - OI-TO<\/title>\n<meta name=\"description\" content=\"A partir do PGR com riscos psicossociais, auxiliamos as empresas a desenvolverem um Plano de A\u00e7\u00e3o eficaz atrav\u00e9z da Gest\u00e3o de Relacionamentos\" \/>\n<meta name=\"robots\" content=\"index, follow, max-snippet:-1, max-image-preview:large, max-video-preview:-1\" \/>\n<link rel=\"canonical\" href=\"https:\/\/8it8.com.br\/?page_id=2807\" \/>\n<meta property=\"og:locale\" content=\"pt_BR\" \/>\n<meta property=\"og:type\" content=\"article\" \/>\n<meta property=\"og:title\" content=\"NR 1 - OI-TO\" \/>\n<meta property=\"og:description\" content=\"A partir do PGR com riscos psicossociais, auxiliamos as empresas a desenvolverem um Plano de A\u00e7\u00e3o eficaz atrav\u00e9z da Gest\u00e3o de Relacionamentos\" \/>\n<meta property=\"og:url\" content=\"https:\/\/8it8.com.br\/?page_id=2807\" \/>\n<meta property=\"og:site_name\" content=\"OI-TO\" \/>\n<meta property=\"article:publisher\" content=\"https:\/\/www.facebook.com\/oito.empreendereliderar\" \/>\n<meta property=\"article:modified_time\" content=\"2026-02-25T21:26:36+00:00\" \/>\n<meta property=\"og:image\" content=\"https:\/\/8it8.com.br\/wp-content\/uploads\/2023\/02\/Copia-de-Fotos-para-site-5.jpg\" \/>\n\t<meta property=\"og:image:width\" content=\"1748\" \/>\n\t<meta property=\"og:image:height\" content=\"1240\" \/>\n\t<meta property=\"og:image:type\" content=\"image\/jpeg\" \/>\n<meta name=\"twitter:card\" content=\"summary_large_image\" \/>\n<meta name=\"twitter:label1\" content=\"Est. tempo de leitura\" \/>\n\t<meta name=\"twitter:data1\" content=\"2 minutos\" \/>\n<script type=\"application\/ld+json\" class=\"yoast-schema-graph\">{\"@context\":\"https:\\\/\\\/schema.org\",\"@graph\":[{\"@type\":\"WebPage\",\"@id\":\"https:\\\/\\\/8it8.com.br\\\/?page_id=2807\",\"url\":\"https:\\\/\\\/8it8.com.br\\\/?page_id=2807\",\"name\":\"NR 1 - OI-TO\",\"isPartOf\":{\"@id\":\"https:\\\/\\\/8it8.com.br\\\/#website\"},\"primaryImageOfPage\":{\"@id\":\"https:\\\/\\\/8it8.com.br\\\/?page_id=2807#primaryimage\"},\"image\":{\"@id\":\"https:\\\/\\\/8it8.com.br\\\/?page_id=2807#primaryimage\"},\"thumbnailUrl\":\"http:\\\/\\\/8it8.com.br\\\/wp-content\\\/uploads\\\/2023\\\/02\\\/Copia-de-Fotos-para-site-5.jpg\",\"datePublished\":\"2026-02-11T14:35:14+00:00\",\"dateModified\":\"2026-02-25T21:26:36+00:00\",\"description\":\"A partir do PGR com riscos psicossociais, auxiliamos as empresas a desenvolverem um Plano de A\u00e7\u00e3o eficaz atrav\u00e9z da Gest\u00e3o de Relacionamentos\",\"breadcrumb\":{\"@id\":\"https:\\\/\\\/8it8.com.br\\\/?page_id=2807#breadcrumb\"},\"inLanguage\":\"pt-BR\",\"potentialAction\":[{\"@type\":\"ReadAction\",\"target\":[\"https:\\\/\\\/8it8.com.br\\\/?page_id=2807\"]}]},{\"@type\":\"ImageObject\",\"inLanguage\":\"pt-BR\",\"@id\":\"https:\\\/\\\/8it8.com.br\\\/?page_id=2807#primaryimage\",\"url\":\"https:\\\/\\\/8it8.com.br\\\/wp-content\\\/uploads\\\/2023\\\/02\\\/Copia-de-Fotos-para-site-5.jpg\",\"contentUrl\":\"https:\\\/\\\/8it8.com.br\\\/wp-content\\\/uploads\\\/2023\\\/02\\\/Copia-de-Fotos-para-site-5.jpg\",\"width\":1748,\"height\":1240},{\"@type\":\"BreadcrumbList\",\"@id\":\"https:\\\/\\\/8it8.com.br\\\/?page_id=2807#breadcrumb\",\"itemListElement\":[{\"@type\":\"ListItem\",\"position\":1,\"name\":\"In\u00edcio\",\"item\":\"https:\\\/\\\/8it8.com.br\\\/\"},{\"@type\":\"ListItem\",\"position\":2,\"name\":\"NR 1\"}]},{\"@type\":\"WebSite\",\"@id\":\"https:\\\/\\\/8it8.com.br\\\/#website\",\"url\":\"https:\\\/\\\/8it8.com.br\\\/\",\"name\":\"OI-TO\",\"description\":\"Os 4 Pilares da Gest\u00e3o\",\"publisher\":{\"@id\":\"https:\\\/\\\/8it8.com.br\\\/#organization\"},\"potentialAction\":[{\"@type\":\"SearchAction\",\"target\":{\"@type\":\"EntryPoint\",\"urlTemplate\":\"https:\\\/\\\/8it8.com.br\\\/?s={search_term_string}\"},\"query-input\":{\"@type\":\"PropertyValueSpecification\",\"valueRequired\":true,\"valueName\":\"search_term_string\"}}],\"inLanguage\":\"pt-BR\"},{\"@type\":\"Organization\",\"@id\":\"https:\\\/\\\/8it8.com.br\\\/#organization\",\"name\":\"OI-TO Desenvolvimento de L\u00edderes e Equipes\",\"url\":\"https:\\\/\\\/8it8.com.br\\\/\",\"logo\":{\"@type\":\"ImageObject\",\"inLanguage\":\"pt-BR\",\"@id\":\"https:\\\/\\\/8it8.com.br\\\/#\\\/schema\\\/logo\\\/image\\\/\",\"url\":\"https:\\\/\\\/8it8.com.br\\\/wp-content\\\/uploads\\\/2022\\\/09\\\/Logotipo-OITO-completo-sem-fundo.png\",\"contentUrl\":\"https:\\\/\\\/8it8.com.br\\\/wp-content\\\/uploads\\\/2022\\\/09\\\/Logotipo-OITO-completo-sem-fundo.png\",\"width\":1064,\"height\":966,\"caption\":\"OI-TO Desenvolvimento de L\u00edderes e Equipes\"},\"image\":{\"@id\":\"https:\\\/\\\/8it8.com.br\\\/#\\\/schema\\\/logo\\\/image\\\/\"},\"sameAs\":[\"https:\\\/\\\/www.facebook.com\\\/oito.empreendereliderar\"]}]}<\/script>\n<!-- \/ Yoast SEO plugin. -->","yoast_head_json":{"title":"NR 1 - OI-TO","description":"A partir do PGR com riscos psicossociais, auxiliamos as empresas a desenvolverem um Plano de A\u00e7\u00e3o eficaz atrav\u00e9z da Gest\u00e3o de Relacionamentos","robots":{"index":"index","follow":"follow","max-snippet":"max-snippet:-1","max-image-preview":"max-image-preview:large","max-video-preview":"max-video-preview:-1"},"canonical":"https:\/\/8it8.com.br\/?page_id=2807","og_locale":"pt_BR","og_type":"article","og_title":"NR 1 - OI-TO","og_description":"A partir do PGR com riscos psicossociais, auxiliamos as empresas a desenvolverem um Plano de A\u00e7\u00e3o eficaz atrav\u00e9z da Gest\u00e3o de Relacionamentos","og_url":"https:\/\/8it8.com.br\/?page_id=2807","og_site_name":"OI-TO","article_publisher":"https:\/\/www.facebook.com\/oito.empreendereliderar","article_modified_time":"2026-02-25T21:26:36+00:00","og_image":[{"width":1748,"height":1240,"url":"https:\/\/8it8.com.br\/wp-content\/uploads\/2023\/02\/Copia-de-Fotos-para-site-5.jpg","type":"image\/jpeg"}],"twitter_card":"summary_large_image","twitter_misc":{"Est. tempo de leitura":"2 minutos"},"schema":{"@context":"https:\/\/schema.org","@graph":[{"@type":"WebPage","@id":"https:\/\/8it8.com.br\/?page_id=2807","url":"https:\/\/8it8.com.br\/?page_id=2807","name":"NR 1 - OI-TO","isPartOf":{"@id":"https:\/\/8it8.com.br\/#website"},"primaryImageOfPage":{"@id":"https:\/\/8it8.com.br\/?page_id=2807#primaryimage"},"image":{"@id":"https:\/\/8it8.com.br\/?page_id=2807#primaryimage"},"thumbnailUrl":"http:\/\/8it8.com.br\/wp-content\/uploads\/2023\/02\/Copia-de-Fotos-para-site-5.jpg","datePublished":"2026-02-11T14:35:14+00:00","dateModified":"2026-02-25T21:26:36+00:00","description":"A partir do PGR com riscos psicossociais, auxiliamos as empresas a desenvolverem um Plano de A\u00e7\u00e3o eficaz atrav\u00e9z da Gest\u00e3o de Relacionamentos","breadcrumb":{"@id":"https:\/\/8it8.com.br\/?page_id=2807#breadcrumb"},"inLanguage":"pt-BR","potentialAction":[{"@type":"ReadAction","target":["https:\/\/8it8.com.br\/?page_id=2807"]}]},{"@type":"ImageObject","inLanguage":"pt-BR","@id":"https:\/\/8it8.com.br\/?page_id=2807#primaryimage","url":"https:\/\/8it8.com.br\/wp-content\/uploads\/2023\/02\/Copia-de-Fotos-para-site-5.jpg","contentUrl":"https:\/\/8it8.com.br\/wp-content\/uploads\/2023\/02\/Copia-de-Fotos-para-site-5.jpg","width":1748,"height":1240},{"@type":"BreadcrumbList","@id":"https:\/\/8it8.com.br\/?page_id=2807#breadcrumb","itemListElement":[{"@type":"ListItem","position":1,"name":"In\u00edcio","item":"https:\/\/8it8.com.br\/"},{"@type":"ListItem","position":2,"name":"NR 1"}]},{"@type":"WebSite","@id":"https:\/\/8it8.com.br\/#website","url":"https:\/\/8it8.com.br\/","name":"OI-TO","description":"Os 4 Pilares da Gest\u00e3o","publisher":{"@id":"https:\/\/8it8.com.br\/#organization"},"potentialAction":[{"@type":"SearchAction","target":{"@type":"EntryPoint","urlTemplate":"https:\/\/8it8.com.br\/?s={search_term_string}"},"query-input":{"@type":"PropertyValueSpecification","valueRequired":true,"valueName":"search_term_string"}}],"inLanguage":"pt-BR"},{"@type":"Organization","@id":"https:\/\/8it8.com.br\/#organization","name":"OI-TO Desenvolvimento de L\u00edderes e Equipes","url":"https:\/\/8it8.com.br\/","logo":{"@type":"ImageObject","inLanguage":"pt-BR","@id":"https:\/\/8it8.com.br\/#\/schema\/logo\/image\/","url":"https:\/\/8it8.com.br\/wp-content\/uploads\/2022\/09\/Logotipo-OITO-completo-sem-fundo.png","contentUrl":"https:\/\/8it8.com.br\/wp-content\/uploads\/2022\/09\/Logotipo-OITO-completo-sem-fundo.png","width":1064,"height":966,"caption":"OI-TO Desenvolvimento de L\u00edderes e Equipes"},"image":{"@id":"https:\/\/8it8.com.br\/#\/schema\/logo\/image\/"},"sameAs":["https:\/\/www.facebook.com\/oito.empreendereliderar"]}]}},"_links":{"self":[{"href":"https:\/\/8it8.com.br\/index.php?rest_route=\/wp\/v2\/pages\/2807","targetHints":{"allow":["GET"]}}],"collection":[{"href":"https:\/\/8it8.com.br\/index.php?rest_route=\/wp\/v2\/pages"}],"about":[{"href":"https:\/\/8it8.com.br\/index.php?rest_route=\/wp\/v2\/types\/page"}],"author":[{"embeddable":true,"href":"https:\/\/8it8.com.br\/index.php?rest_route=\/wp\/v2\/users\/1"}],"replies":[{"embeddable":true,"href":"https:\/\/8it8.com.br\/index.php?rest_route=%2Fwp%2Fv2%2Fcomments&post=2807"}],"version-history":[{"count":10,"href":"https:\/\/8it8.com.br\/index.php?rest_route=\/wp\/v2\/pages\/2807\/revisions"}],"predecessor-version":[{"id":2883,"href":"https:\/\/8it8.com.br\/index.php?rest_route=\/wp\/v2\/pages\/2807\/revisions\/2883"}],"wp:attachment":[{"href":"https:\/\/8it8.com.br\/index.php?rest_route=%2Fwp%2Fv2%2Fmedia&parent=2807"}],"curies":[{"name":"wp","href":"https:\/\/api.w.org\/{rel}","templated":true}]}}